{"id":26,"date":"2026-02-20T12:04:18","date_gmt":"2026-02-20T12:04:18","guid":{"rendered":"http:\/\/lartdesours.fr\/?page_id=26"},"modified":"2026-03-05T11:34:54","modified_gmt":"2026-03-05T11:34:54","slug":"latelier","status":"publish","type":"page","link":"https:\/\/lartdesours.fr\/index.php\/latelier\/","title":{"rendered":"L&rsquo;Atelier"},"content":{"rendered":"\n<p class=\"has-text-align-center\">Reportage N\u00e9o pr\u00e9sentant un r\u00e9sum\u00e9 de mon travail \u00e0 l&rsquo;atelier.<\/p>\n\n\n\n<figure class=\"wp-block-video\"><video height=\"1280\" style=\"aspect-ratio: 720 \/ 1280;\" width=\"720\" controls src=\"https:\/\/lartdesours.fr\/wp-content\/uploads\/2026\/03\/Reportage-Neo.mp4\"><\/video><\/figure>\n\n\n\n<p><\/p>\n","protected":false},"excerpt":{"rendered":"<p>Reportage N\u00e9o pr\u00e9sentant un r\u00e9sum\u00e9 de mon travail \u00e0 l&rsquo;atelier.<\/p>\n","protected":false},"author":1,"featured_media":0,"parent":0,"menu_order":2,"comment_status":"closed","ping_status":"closed","template":"","meta":{"_inspiro_hide_title":false,"footnotes":""},"class_list":["post-26","page","type-page","status-publish","hentry"],"_links":{"self":[{"href":"https:\/\/lartdesours.fr\/index.php\/wp-json\/wp\/v2\/pages\/26","targetHints":{"allow":["GET"]}}],"collection":[{"href":"https:\/\/lartdesours.fr\/index.php\/wp-json\/wp\/v2\/pages"}],"about":[{"href":"https:\/\/lartdesours.fr\/index.php\/wp-json\/wp\/v2\/types\/page"}],"author":[{"embeddable":true,"href":"https:\/\/lartdesours.fr\/index.php\/wp-json\/wp\/v2\/users\/1"}],"replies":[{"embeddable":true,"href":"https:\/\/lartdesours.fr\/index.php\/wp-json\/wp\/v2\/comments?post=26"}],"version-history":[{"count":4,"href":"https:\/\/lartdesours.fr\/index.php\/wp-json\/wp\/v2\/pages\/26\/revisions"}],"predecessor-version":[{"id":939,"href":"https:\/\/lartdesours.fr\/index.php\/wp-json\/wp\/v2\/pages\/26\/revisions\/939"}],"wp:attachment":[{"href":"https:\/\/lartdesours.fr\/index.php\/wp-json\/wp\/v2\/media?parent=26"}],"curies":[{"name":"wp","href":"https:\/\/api.w.org\/{rel}","templated":true}]}}