{"id":22,"date":"2026-02-20T12:04:25","date_gmt":"2026-02-20T12:04:25","guid":{"rendered":"http:\/\/lartdesours.fr\/?page_id=22"},"modified":"2026-03-02T13:48:58","modified_gmt":"2026-03-02T13:48:58","slug":"les-tongue-drums","status":"publish","type":"page","link":"https:\/\/lartdesours.fr\/index.php\/les-tongue-drums\/","title":{"rendered":"Les Tongue Drums"},"content":{"rendered":"\n<h2 class=\"wp-block-heading\">Histoire du Tongue drum :<\/h2>\n\n\n\n<h3 class=\"wp-block-heading has-text-align-center\">Tambour \u00e0 fentes<\/h3>\n\n\n\n<p>On peut remonter l&rsquo;origine de cet instrument jusqu&rsquo;au <strong>Tambour \u00e0 fentes<\/strong>, des fentes sont alors taill\u00e9es dans un tronc d&rsquo;arbre creux ; frapp\u00e9es avec des mailloches, elles donnent des sonorit\u00e9s chaudes et ont retrace leur apparition \u00e0 <em>au moins 500 ans<\/em> dans les Philippines, la Polyn\u00e9sie voir l&rsquo;actuel Mexique. Ils ont maintenant \u00e9volu\u00e9 en ce qu&rsquo;on appelle un <strong>Log drum<\/strong><\/p>\n\n\n\n<div class=\"wp-block-cover\"><img loading=\"lazy\" decoding=\"async\" width=\"931\" height=\"1024\" class=\"wp-block-cover__image-background wp-image-99\" alt=\"\" src=\"https:\/\/lartdesours.fr\/wp-content\/uploads\/2026\/03\/60102-Logdrum-F-Penta-10-Tones-Padouk-Schlagwerk-931x1024.jpg\" data-object-fit=\"cover\" srcset=\"https:\/\/lartdesours.fr\/wp-content\/uploads\/2026\/03\/60102-Logdrum-F-Penta-10-Tones-Padouk-Schlagwerk-931x1024.jpg 931w, https:\/\/lartdesours.fr\/wp-content\/uploads\/2026\/03\/60102-Logdrum-F-Penta-10-Tones-Padouk-Schlagwerk-273x300.jpg 273w, https:\/\/lartdesours.fr\/wp-content\/uploads\/2026\/03\/60102-Logdrum-F-Penta-10-Tones-Padouk-Schlagwerk-2000x2200.jpg 2000w\" sizes=\"auto, (max-width: 931px) 100vw, 931px\" \/><span aria-hidden=\"true\" class=\"wp-block-cover__background has-background-dim\"><\/span><div class=\"wp-block-cover__inner-container is-layout-flow wp-block-cover-is-layout-flow\">\n<p class=\"has-text-align-center has-large-font-size\"><\/p>\n<\/div><\/div>\n\n\n\n<h3 class=\"wp-block-heading has-text-align-center\">Whale drum<\/h3>\n\n\n\n<p>Dans les <em>ann\u00e9es 90<\/em>, on doit le <strong>Whale drum<\/strong> \u00e0 Jim Doble, un am\u00e9ricain. Le premier \u00e0 travailler un bouteille de gaz, il y d\u00e9coupe de grandes fentes dans l\u2019enti\u00e8ret\u00e9 du volume de la bouteille dont ressortent de profondes sonorit\u00e9s. On commence \u00e0 se rapprocher de l&rsquo;instrument tel qu&rsquo;on le conna\u00eet aujourd&rsquo;hui mais il reste une influence majeure \u00e0 venir, le Handpan.<\/p>\n\n\n\n<h3 class=\"wp-block-heading has-text-align-center\">Hang (Handpan)<\/h3>\n\n\n\n<p>Felix Rohner et Sabina Sch\u00e4rer cr\u00e9aient <em>au d\u00e9but des ann\u00e9es 2000<\/em> le <strong>Hang<\/strong> (aujourd&rsquo;hui connu sous le nom <strong>Handpan<\/strong> quand il est cr\u00e9\u00e9 par d&rsquo;autres artisans car Hang devient une marque d\u00e9pos\u00e9e). Inspir\u00e9 lui-m\u00eame, entre autres, des <strong>steel pans<\/strong> ou <strong>steel drums<\/strong> provenant des Cara\u00efbes (Trinidad et Tobago). Instrument \u00e0 la popularit\u00e9 grandissante redonnant ses lettres de noblesse aux percussions m\u00e9lodiques.<\/p>\n\n\n\n<p class=\"has-text-align-center\">Un de mes artistes pr\u00e9f\u00e9r\u00e9s, Kabe\u00e7ao, jouant du Handpan &#8230; \u2764\ufe0f\u200b<\/p>\n\n\n\n<figure class=\"wp-block-embed is-type-video is-provider-youtube wp-block-embed-youtube wp-embed-aspect-16-9 wp-has-aspect-ratio\"><div class=\"wp-block-embed__wrapper\">\n<iframe loading=\"lazy\" title=\"Kabe\u00e7\u00e3o - Scorpion Bite ( Touching Souls - Studio Sessions ) Handpan Pantam\" width=\"950\" height=\"534\" src=\"https:\/\/www.youtube.com\/embed\/RrS0kmiBPQA?feature=oembed\" frameborder=\"0\" allow=\"accelerometer; autoplay; clipboard-write; encrypted-media; gyroscope; picture-in-picture; web-share\" referrerpolicy=\"strict-origin-when-cross-origin\" allowfullscreen><\/iframe>\n<\/div><\/figure>\n\n\n\n<p>Cet instrument a inspir\u00e9 un autre am\u00e9ricain \u00e0 cr\u00e9er le <strong>Tongue drum<\/strong>&#8230;<\/p>\n\n\n\n<h3 class=\"wp-block-heading has-text-align-center\">Tongue drum<\/h3>\n\n\n\n<p><strong><em>Denis Havlena<\/em><\/strong> voulant se procurer un Hang \u00e0 l&rsquo;\u00e9poque mais n&rsquo;en ayant pas les moyens, d\u00e9cid\u00e9 d&rsquo;exp\u00e9rimenter sur des bouteilles de gaz dans lesquelles il va tailler des sortes langues (tongue en anglais) et apr\u00e8s plusieurs essais, s&rsquo;inspire de l&rsquo;ergonomie du Handpan pour pr\u00e9senter en 2007 le Tongue drum tel qu&rsquo;on le conna\u00eet maintenant.<\/p>\n\n\n\n<figure class=\"wp-block-embed is-type-video is-provider-youtube wp-block-embed-youtube wp-embed-aspect-4-3 wp-has-aspect-ratio\"><div class=\"wp-block-embed__wrapper\">\n<iframe loading=\"lazy\" title=\"Tongue Drum prototype\" width=\"950\" height=\"713\" src=\"https:\/\/www.youtube.com\/embed\/WMrg6grE1o4?feature=oembed\" frameborder=\"0\" allow=\"accelerometer; autoplay; clipboard-write; encrypted-media; gyroscope; picture-in-picture; web-share\" referrerpolicy=\"strict-origin-when-cross-origin\" allowfullscreen><\/iframe>\n<\/div><\/figure>\n\n\n\n<p>Il distribura <strong>gratuitement<\/strong> les plans de son instruments et permis \u00e0 tous de cr\u00e9er leur version du <strong><em>Tongue drum.<\/em><\/strong><\/p>\n\n\n\n<h2 class=\"wp-block-heading\">Le Tongue drum, qu&rsquo;est ce que c&rsquo;est concr\u00e8tement ?<\/h2>\n\n\n\n<p>Originellement, le Tongue drum est donc fabriqu\u00e9 \u00e0 partir de bouteilles de gaz recycl\u00e9es. M\u00eame si on trouve beaucoup de processus industrielles de nos jours, ici chez <strong>L&rsquo;Art des Ours<\/strong> on continue \u00e0 perp\u00e9tuer cette tradition de l&rsquo;instrument r\u00e9alis\u00e9 \u00e0 partir de bouteilles de gaz recycl\u00e9es.<\/p>\n\n\n\n<p>Mes instruments sont d&rsquo;ailleurs appel\u00e9s des <strong><em>LADO drum<\/em><\/strong> (LADO pour L&rsquo;Art des Ours).<\/p>\n\n\n\n<p>L&rsquo;instrument se pr\u00e9sente comme tel :<\/p>\n\n\n\n<figure class=\"wp-block-image size-full\"><img loading=\"lazy\" decoding=\"async\" width=\"1920\" height=\"2560\" src=\"http:\/\/lartdesours.fr\/wp-content\/uploads\/2026\/03\/IMG_20241122_132145-scaled.jpg\" alt=\"\" class=\"wp-image-108\" srcset=\"https:\/\/lartdesours.fr\/wp-content\/uploads\/2026\/03\/IMG_20241122_132145-scaled.jpg 1920w, https:\/\/lartdesours.fr\/wp-content\/uploads\/2026\/03\/IMG_20241122_132145-225x300.jpg 225w, https:\/\/lartdesours.fr\/wp-content\/uploads\/2026\/03\/IMG_20241122_132145-768x1024.jpg 768w, https:\/\/lartdesours.fr\/wp-content\/uploads\/2026\/03\/IMG_20241122_132145-2000x2666.jpg 2000w\" sizes=\"auto, (max-width: 1920px) 100vw, 1920px\" \/><figcaption class=\"wp-element-caption\">LADO drum, finition Nebuleuse<\/figcaption><\/figure>\n\n\n\n<p>Une <strong>basse centrale<\/strong> servant de point d&rsquo;ancrage \u00e0 la gamme de l&rsquo;instrument (souvent la tonique ou la quinte) entour\u00e9 d&rsquo;un <strong>cercle m\u00e9lodique <\/strong>d&rsquo;habituellement <em>8 notes<\/em>. Chaque note est une languette d\u00e9coup\u00e9e directement dans l&rsquo;acier de la bouteille de gaz et qui vibre une fois frapp\u00e9e donnant une note choisie.<\/p>\n\n\n\n<p>Chacun dispose de sa <strong>gamme<\/strong> et donc de sa couleur musicale. Ce sont des instruments au son cristallin, proche de celui d\u2019une harpe, dont le jeu est tr\u00e8s intuitif (les notes sont choisies pour \u00eatre toutes accord\u00e9es entre-elles, donnant ainsi un jeu tr\u00e8s intuitif car excluant les \u00ab\u00a0fausses notes\u00a0\u00bb.<br>) et est donc adapt\u00e9 autant \u00e0 des n\u00e9ophytes qu\u2019a des percussionnistes experts. <\/p>\n","protected":false},"excerpt":{"rendered":"<p>Histoire du Tongue drum : Tambour \u00e0 fentes On peut remonter l&rsquo;origine de cet instrument jusqu&rsquo;au Tambour \u00e0 fentes, des fentes sont alors taill\u00e9es dans un tronc d&rsquo;arbre creux ; frapp\u00e9es avec des mailloches, elles donnent des sonorit\u00e9s chaudes et ont retrace leur apparition \u00e0 au moins 500 ans dans les Philippines, la Polyn\u00e9sie voir &hellip; <\/p>\n<p class=\"link-more\"><a href=\"https:\/\/lartdesours.fr\/index.php\/les-tongue-drums\/\" class=\"more-link\">Lire la suite de<span class=\"screen-reader-text\">\u00ab\u00a0Les Tongue Drums\u00a0\u00bb<\/span><\/a><\/p>\n","protected":false},"author":1,"featured_media":0,"parent":0,"menu_order":1,"comment_status":"closed","ping_status":"closed","template":"","meta":{"_inspiro_hide_title":false,"footnotes":""},"class_list":["post-22","page","type-page","status-publish","hentry"],"_links":{"self":[{"href":"https:\/\/lartdesours.fr\/index.php\/wp-json\/wp\/v2\/pages\/22","targetHints":{"allow":["GET"]}}],"collection":[{"href":"https:\/\/lartdesours.fr\/index.php\/wp-json\/wp\/v2\/pages"}],"about":[{"href":"https:\/\/lartdesours.fr\/index.php\/wp-json\/wp\/v2\/types\/page"}],"author":[{"embeddable":true,"href":"https:\/\/lartdesours.fr\/index.php\/wp-json\/wp\/v2\/users\/1"}],"replies":[{"embeddable":true,"href":"https:\/\/lartdesours.fr\/index.php\/wp-json\/wp\/v2\/comments?post=22"}],"version-history":[{"count":11,"href":"https:\/\/lartdesours.fr\/index.php\/wp-json\/wp\/v2\/pages\/22\/revisions"}],"predecessor-version":[{"id":112,"href":"https:\/\/lartdesours.fr\/index.php\/wp-json\/wp\/v2\/pages\/22\/revisions\/112"}],"wp:attachment":[{"href":"https:\/\/lartdesours.fr\/index.php\/wp-json\/wp\/v2\/media?parent=22"}],"curies":[{"name":"wp","href":"https:\/\/api.w.org\/{rel}","templated":true}]}}